. List the prime factors of t.
2, 23
Suppose -3*o - 4*d + 55 = 7, 2*d = -2*o + 34. Suppose -2*l = 3*l - o. What are the prime factors of l?
2
What are the prime factors of (243 - -31) + 0/1?
2, 137
Let i(k) = -1. Let s(g) = g + 7. Let u(a) = -5*i(a) + s(a). What are the prime factors of u(-9)?
3
Let d(t) = 5*t. List the prime factors of d(2).
2, 5
Let i(v) = 17*v + 17. List the prime factors of i(2).
3, 17
Suppose -3*h = -19 - 83. List the prime factors of h.
2, 17
Let l(d) = d**2 - 7*d + 12. List the prime factors of l(12).
2, 3
Let z(f) = 3*f + 4. Let d be z(6). Let r(o) = 4*o - 1. Let b be r(1). Suppose -a - d = -b*a. List the prime factors of a.
11
Suppose -3*b - o = -189, -b = b - o - 121. List the prime factors of b.
2, 31
Let v = 6 - 1. Let x = -1 + v. Suppose c - x*g + 9 = 0, -c = 5*g - 12 - 15. What are the prime factors of c?
7
Let v be 24 + 1/2*2. Suppose 2*s - 17 = v. What are the prime factors of s?
3, 7
Let n(j) = -j + 4. Suppose -27 = -z + 4*z. List the prime factors of n(z).
13
Suppose 54 = 4*u - 6. What are the prime factors of u?
3, 5
Suppose 0 = -11*c + 10*c + 7. Let q(i) = i + 0*i**2 - 3*i**2 - 4*i**2 + i**3. What are the prime factors of q(c)?
7
Let g = 1 + 3. List the prime factors of 9*(g/2)/2.
3
Suppose 2*i + 2*i - 184 = 0. What are the prime factors of i?
2, 23
Let a be 4 + (-11)/33*(1 - 1). Suppose 5*t = 2*z - 33, 4*z + 2*t = -z + 10. Suppose -a*f + 16 = 2*p, -f - f - z = 0. What are the prime factors of p?
2, 3
What are the prime factors of 27 + 0*(-4)/(-16)?
3
Let v(q) = q**3 - q**2 - q + 4. Let l be v(3). Suppose 5 + l = 4*z. List the prime factors of 38/z + 6/9.
7
Let j(i) = -3*i - i - 4*i. List the prime factors of j(-1).
2
Let x be (4/3)/((-2)/6). Let q be x/(-6) - 770/21. Let y = -22 - q. List the prime factors of y.
2, 7
Suppose 0 = 7*j + j - 24. List the prime factors of j.
3
Suppose 2*g - 3*g + 3 = -3*w, g = -3*w - 3. Let c = -4 - g. List the prime factors of 1 + c - (-6 - 7).
2, 5
Let x be -1*(-15)/(-3) - -1. Let g(v) = v + 2. Let l be g(x). What are the prime factors of (l/1 - 0) + 22?
2, 5
Let g be 3/(-3) - (-1 + 18). Let s = g + 26. What are the prime factors of s?
2
Suppose 0 = i - l - 6, 0 = -0*l - 2*l - 2. Let r be -1*(-1)/(1/i). Suppose -2*w = -w - 3*a + r, 0 = -w - 5*a + 19. What are the prime factors of w?
2
Let a(o) = -32*o + 11. What are the prime factors of a(-4)?
139
Suppose -4*s - 1 = 3*y - 11, 8 = s - 2*y. What are the prime factors of (-2)/4*-8*s?
2
Suppose 60 = 2*y - 0*y. What are the prime factors of y?
2, 3, 5
Suppose -h + 3 = -0*h. Suppose 0 = h*f + 3*b - 30, -4*b = 4*f + f - 54. What are the prime factors of f?
2, 7
Let h be 3/6 - (-14)/4. Suppose h*a - 15 = -a. List the prime factors of a.
3
Let u(d) = 0*d + 4 - 3 - 6*d**2 + d. Let s be u(-1). Let w = 17 + s. What are the prime factors of w?
11
Suppose 10 = 5*s - 0. Suppose 0 = -s*o - 11 + 85. Let l = -26 + o. List the prime factors of l.
11
Suppose 0 = -2*i - 2*i - 3*l + 5, 2*l - 2 = -2*i. List the prime factors of (-119)/(-9) + i/(-9).
13
Let b be (-7)/(-35) + 29/5. Suppose 0 = -2*h - 5*g + 22, -b*h + 36 = -h + 3*g. What are the prime factors of h?
2, 3
Suppose 2*a + 1 = 7. What are the prime factors of a?
3
Suppose 298 = 5*b + 93. What are the prime factors of b?
41
Suppose -15 = -4*v + 2*q + 1, 3*v - 2*q - 14 = 0. Suppose -2*l = 2*b - 14, v*b = l - 6 - 4. List the prime factors of l.
2
What are the prime factors of (-3)/9 - (-1)/3*91?
2, 3, 5
Let k(n) = 34*n**3 - n**2 - n + 1. What are the prime factors of k(1)?
3, 11
Let w = 59 + -46. List the prime factors of w.
13
Let n(f) = 2 + 2*f**2 + 7*f + 2*f - f**2. What are the prime factors of n(-10)?
2, 3
Let d(a) = 302*a**2 + 3*a - 2. List the prime factors of d(1).
3, 101
Suppose -34 - 3 = -n. Let r = n + -24. What are the prime factors of r?
13
Let y = -97 - -136. Suppose 0 = -z - 2*z - 3*j + 42, -3*z = 2*j - y. List the prime factors of z.
11
Let s(c) be the second derivative of c**7/2520 + c**6/144 + c**5/20 + c**4/6 - c. Let f(w) be the third derivative of s(w). List the prime factors of f(-5).
2, 3
Let x = -4 + 13. Let a(h) = h**2 - 9*h + 10. Let n be a(x). Suppose 0 = 2*y - n - 18. List the prime factors of y.
2, 7
Let k(o) = 15*o + 3. List the prime factors of k(5).
2, 3, 13
Let j(t) = 4*t**3 - 2*t**2 + 2*t - 1. Let k be j(1). Suppose -5*d + 82 = -4*g - 32, k*g = 12. List the prime factors of d.
2, 13
Suppose -3*m - n - 9 = 2*n, 3*m + 2*n = -8. Let a = 0 - m. Suppose 0*o + 18 = a*o. List the prime factors of o.
3
Suppose 2*q - 8 = -5*n + 5*q, -5*n - 2*q = -28. Suppose j = 5 - n. Let p(f) = 8*f**3 + 2*f - 1. List the prime factors of p(j).
3
Let v(d) = d**3 + 6*d**2 - 8*d - 9. What are the prime factors of v(-6)?
3, 13
What are the prime factors of (6 - -41)/((-2)/(-6))?
3, 47
Let n(a) = a**3 - 19*a**2 - 30*a - 23. What are the prime factors of n(21)?
229
Let a(p) = -p + 1. Let v be a(-1). Let n = 2 + v. What are the prime factors of n?
2
Suppose -897 = -5*s - 3*m - 214, 3*s + 2*m - 409 = 0. List the prime factors of s.
139
Suppose 0 = 2*a + 4*v - 424, 2*v + 2*v + 800 = 4*a. List the prime factors of a.
2, 3, 17
Let h = 201 + -88. What are the prime factors of h?
113
Let v(r) = -r**3 + 7*r**2 + 9*r - 3. Let o be v(8). Suppose 32 + 9 = c - 5*s, o*s = -25. What are the prime factors of c?
2
List the prime factors of 2 - 7 - (1 - 2) - -188.
2, 23
Let b(z) = 223*z**2 + 7*z - 7. List the prime factors of b(1).
223
Let c = 70 - 42. Let g be (-21)/c + (-6)/(-8). Suppose -5*x = -v - 22, g = -3*v - 0*v - x + 14. List the prime factors of v.
3
Suppose 0 = 2*l - 12 - 22. What are the prime factors of l?
17
List the prime factors of 9/((1 + -2)*18/(-12)).
2, 3
List the prime factors of 33/(-12) + 3 - (-110)/8.
2, 7
Let t = -20 - -54. Let u be (-4)/(-2)*t/4. Let p = u + -10. What are the prime factors of p?
7
Suppose 0 = -3*r - 0 + 57. What are the prime factors of r?
19
Let h be ((-3)/(-1))/(-1) - -3. Let i = h + 3. What are the prime factors of i?
3
Let f(q) = -q**2 - 9*q + 3. Let w be f(-9). Suppose r = -3*r + w*x + 24, 5*r + 3*x = 3. What are the prime factors of r?
3
Suppose -13*h = 2*h - 4980. List the prime factors of h.
2, 83
Let n = 36 + -19. Suppose 2*l - l - n = 3*c, l - 11 = c. List the prime factors of l.
2
Let l(n) = n**2 - 5*n + 5. Let q be l(5). Let o(s) = s**2 + 4*s - 12. What are the prime factors of o(q)?
3, 11
Let h = -25 - -9. Let c = -10 - h. What are the prime factors of c?
2, 3
Let i(n) = n + 10. What are the prime factors of i(-6)?
2
Let z = -38 - -23. Let i = -5 - z. What are the prime factors of i?
2, 5
Let b(l) = -2*l - 4. Let v be b(-4). Suppose -5*x - 2*y + 70 = -3*y, 3*y = 4*x - 45. Suppose v*f - 17 = x. List the prime factors of f.
2
Let x = 126 - 122. List the prime factors of x.
2
Suppose 220 = 3*l + 64. List the prime factors of l.
2, 13
Let c = 61 - -3. What are the prime factors of c?
2
Let z be ((-12)/(-10))/((-4)/(-10)). Suppose 4*k = 8*l - z*l - 7, 3*k = -5*l + 21. Suppose 8*i = 4*v + l*i - 33, 0 = 5*v + i - 63. List the prime factors of v.
2, 3
Suppose -2*y = -4*b - 6, -3*y + 8*y - 3 = -2*b. Suppose -14 = 5*v + 26. Let i = y - v. List the prime factors of i.
3
Let m = -67 - -188. List the prime factors of m.
11
Let g(l) = 9*l**2 + 3*l. Let b be (6/(-12))/(1/4). List the prime factors of g(b).
2, 3, 5
Suppose -u + 2 = -0*u. Suppose u*w = -i - 2*w - 8, -4*w = -i + 8. Suppose i = 2*q - 2 - 10. List the prime factors of q.
2, 3
What are the prime factors of (2*-16 - 3)*-1?
5, 7
Let s(x) = -x + 1. Let a be s(-2). Suppose r - 2 = -a. What are the prime factors of 2 + 2*r - -11?
11
Suppose 40 = 3*z - 215. Suppose z = -0*l + 5*l. List the prime factors of l.
17
What are the prime factors of 22 + -1 - (-4)/(28/(-7))?
2, 5
Suppose -5*i - 3*c + 123 = 0, c + 120 = 4*i - 2*c. What are the prime factors of i?
3
Let t = 12 - -132. What are the prime factors of t?
2, 3
Suppose -2*a - 2 = 12. Let u = -5 - a. List the prime factors of u.
2
Let a be (2/(-1))/((-20)/(-30)). What are the prime factors of (-6)/(-2) + 3 + a?
3
Let i = 52 - 20. List the prime factors of i.
2
Let k(g) = -g**2 + g - 6. Let p be k(0). List the prime factors of p/27 + (-606)/(-54).
11
Let g = 12 - 10. Let j(y) = -y**3 - 1. Let l(m) = 3*m**3 + m**2 - 2*m + 4. Let b(q) = 2*j(q) + l(q). List t